{"id":43446,"date":"2022-07-04T09:34:27","date_gmt":"2022-07-04T08:34:27","guid":{"rendered":"https:\/\/www.sareb.es\/?page_id=43446"},"modified":"2025-04-30T16:08:10","modified_gmt":"2025-04-30T15:08:10","slug":"lucia-grana","status":"publish","type":"page","link":"https:\/\/www.sareb.es\/en\/lucia-grana\/","title":{"rendered":"Luc\u00eda Gra\u00f1a"},"content":{"rendered":"\n<style>.c-page-header{display:none;} .c-content .c-team:last-child{max-width: 900px !important;} .c-breadcrumb{display:none} .c-content .c-breadcrumb{display:flex} .c-intro{background-color: #e2fcf3;}<\/style>\n\n\n\n<section class=\"alignfull\"><nav class=\"c-breadcrumb c-breadcrumb--thumbnail \"><a class=\"c-breadcrumb__link\" href=\"\/\">Home<\/a> <span class=\"c-breadcrumb__separator\">\u2192<\/span> <a class=\"c-breadcrumb__link\" href=\"\/en\/corporate-governance\/\"> Corporate governance<\/a><span class=\"c-breadcrumb__separator\">\u2192<\/span> <span class=\"c-breadcrumb__current\"> Luc\u00eda Gra\u00f1a<\/span><\/nav><\/section>\n\n\n<section class=\"c-intro alignfull\">\n  <div class=\"c-intro__wrapper o-container\">\n    <h1 class=\"c-title-1 has-primary-color c-intro__title\">Luc\u00eda Gra\u00f1a<\/h1>\n    <div class=\"c-intro__image\">\n      \n    <\/div>\n  <\/div>\n<\/section>\n\n\n\n<div class=\"wp-block-columns alignwide is-layout-flex wp-container-core-columns-is-layout-9d6595d7 wp-block-columns-is-layout-flex\">\n<div class=\"wp-block-column is-layout-flow wp-block-column-is-layout-flow\">\n<figure class=\"wp-block-image size-large is-resized\"><img decoding=\"async\" src=\"\/wp-content\/uploads\/2022\/06\/foto-5-lucia-grana-luz-scaled-e1656432329995.jpg\" alt=\"\" class=\"wp-image-43331\" style=\"width:506px;height:601px\"\/><\/figure>\n<\/div>\n\n\n\n<div class=\"wp-block-column is-vertically-aligned-top is-layout-flow wp-block-column-is-layout-flow\">\n<h2 class=\"c-title-2 wp-block-heading\">Asset Management Director<\/h2>\n\n\n\n<p>Luc\u00eda Gra\u00f1a holds a degree in Economics from the Universidad CEU San Pablo and completed a Management Development Programme at IESE Business School. Having worked for over 15 years in the finance and real estate sectors, Luc\u00eda joined Sareb in 2013, where she has held a variety of roles relating to finance and financial assets. In 2020 she was appointed Director of Management Control and several months ago started to act as deputy director of Portfolio Management. Before joining Sareb, she held a number of different management positions at Banco Popular and Banco Pastor.<\/p>\n<\/div>\n<\/div>\n","protected":false},"excerpt":{"rendered":"<p>Home \u2192 Corporate governance\u2192 Luc\u00eda Gra\u00f1a Asset Management Director Luc\u00eda Gra\u00f1a holds a degree in Economics from the Universidad CEU San Pablo and completed a Management Development Programme at IESE Business School. Having worked for over 15 years in the finance and real estate sectors, Luc\u00eda joined Sareb in 2013, where she has held a &hellip;<\/p>\n","protected":false},"author":14,"featured_media":0,"parent":0,"menu_order":0,"comment_status":"closed","ping_status":"closed","template":"","meta":{"_acf_changed":false,"footnotes":""},"class_list":["post-43446","page","type-page","status-publish","hentry"],"acf":[],"_links":{"self":[{"href":"https:\/\/www.sareb.es\/en\/wp-json\/wp\/v2\/pages\/43446","targetHints":{"allow":["GET"]}}],"collection":[{"href":"https:\/\/www.sareb.es\/en\/wp-json\/wp\/v2\/pages"}],"about":[{"href":"https:\/\/www.sareb.es\/en\/wp-json\/wp\/v2\/types\/page"}],"author":[{"embeddable":true,"href":"https:\/\/www.sareb.es\/en\/wp-json\/wp\/v2\/users\/14"}],"replies":[{"embeddable":true,"href":"https:\/\/www.sareb.es\/en\/wp-json\/wp\/v2\/comments?post=43446"}],"version-history":[{"count":7,"href":"https:\/\/www.sareb.es\/en\/wp-json\/wp\/v2\/pages\/43446\/revisions"}],"predecessor-version":[{"id":104000,"href":"https:\/\/www.sareb.es\/en\/wp-json\/wp\/v2\/pages\/43446\/revisions\/104000"}],"wp:attachment":[{"href":"https:\/\/www.sareb.es\/en\/wp-json\/wp\/v2\/media?parent=43446"}],"curies":[{"name":"wp","href":"https:\/\/api.w.org\/{rel}","templated":true}]}}

Lucía Graña

<style>.c-page-header{display:none;} .c-content .c-team:last-child{max-width: 900px !important;} .c-breadcrumb{display:none} .c-content .c-breadcrumb{display:flex} .c-intro{background-color: #e2fcf3;}</style>



<section class="alignfull"><nav class="c-breadcrumb c-breadcrumb--thumbnail "><a class="c-breadcrumb__link" href="/">Home</a> <span class="c-breadcrumb__separator">→</span> <a class="c-breadcrumb__link" href="/en/corporate-governance/"> Corporate governance</a><span class="c-breadcrumb__separator">→</span> <span class="c-breadcrumb__current"> Lucía Graña</span></nav></section>


<section class="c-intro alignfull">
  <div class="c-intro__wrapper o-container">
    <h1 class="c-title-1 has-primary-color c-intro__title">Lucía Graña</h1>
    <div class="c-intro__image">
      
    </div>
  </div>
</section>



<div class="wp-block-columns alignwide is-layout-flex wp-container-core-columns-is-layout-9d6595d7 wp-block-columns-is-layout-flex">
<div class="wp-block-column is-layout-flow wp-block-column-is-layout-flow">
<figure class="wp-block-image size-large is-resized"><img decoding="async" src="/wp-content/uploads/2022/06/foto-5-lucia-grana-luz-scaled-e1656432329995.jpg" alt="" class="wp-image-43331" style="width:506px;height:601px"/></figure>
</div>



<div class="wp-block-column is-vertically-aligned-top is-layout-flow wp-block-column-is-layout-flow">
<h2 class="c-title-2 wp-block-heading">Asset Management Director</h2>



<p>Lucía Graña holds a degree in Economics from the Universidad CEU San Pablo and completed a Management Development Programme at IESE Business School. Having worked for over 15 years in the finance and real estate sectors, Lucía joined Sareb in 2013, where she has held a variety of roles relating to finance and financial assets. In 2020 she was appointed Director of Management Control and several months ago started to act as deputy director of Portfolio Management. Before joining Sareb, she held a number of different management positions at Banco Popular and Banco Pastor.</p>
</div>
</div>

<p>Home → Corporate governance→ Lucía Graña Asset Management Director Lucía Graña holds a degree in Economics from the Universidad CEU San Pablo and completed a Management Development Programme at IESE Business School. Having worked for over 15 years in the finance and real estate sectors, Lucía joined Sareb in 2013, where she has held a &hellip;</p>
